{"id":68,"date":"2014-10-29T13:05:34","date_gmt":"2014-10-29T13:05:34","guid":{"rendered":"http:\/\/www.pedrolopezestudio.com\/?page_id=68"},"modified":"2016-01-27T12:34:56","modified_gmt":"2016-01-27T12:34:56","slug":"alimentacion","status":"publish","type":"page","link":"https:\/\/www.pedrolopezestudio.com\/?page_id=68","title":{"rendered":"ALIMENTACION"},"content":{"rendered":"<p>Fotografo publicitario especializado en Fotografia de Alimentacion.<br \/>\nHe trabajado para la cadena Vips, Rodilla, Grupo Zena: Foster Hollywood, Pizza Hut, Dominos, etc. Tambien he colaborado durante mas de diez a\u00f1os con el grupo Campofr\u00edo, as\u00ed como los Ribs y McCain.<\/p>\n<p>fotografia madrid, fotografia alimentacion madrid, fotografia publicitaria madrid, fotografia moda madrid, fotografia bodegones<\/p>\n<h2>fotografia publicitaria madrid<\/h2>\n<h2>fotografia alimentacion madrid<\/h2>\n<h2>fotografia madrid<\/h2>\n<h2>fotografia moda madrid<\/h2>\n<h2>arte madrid<\/h2>\n","protected":false},"excerpt":{"rendered":"<p>Fotografo publicitario especializado en Fotografia de Alimentacion. He trabajado para la cadena Vips, Rodilla, Grupo Zena: Foster Hollywood, Pizza Hut, Dominos, etc. Tambien he colaborado durante mas de diez a\u00f1os con el grupo Campofr\u00edo, as\u00ed como los Ribs y McCain. fotografia madrid, fotografia alimentacion madrid, fotografia publicitaria madrid, fotografia moda madrid, fotografia bodegones fotografia publicitaria [&hellip;]<\/p>\n","protected":false},"author":1,"featured_media":0,"parent":0,"menu_order":0,"comment_status":"open","ping_status":"open","template":"gallery_flow.php","meta":{"_monsterinsights_skip_tracking":false,"_monsterinsights_sitenote_active":false,"_monsterinsights_sitenote_note":"","_monsterinsights_sitenote_category":0,"footnotes":""},"aioseo_notices":[],"_links":{"self":[{"href":"https:\/\/www.pedrolopezestudio.com\/index.php?rest_route=\/wp\/v2\/pages\/68"}],"collection":[{"href":"https:\/\/www.pedrolopezestudio.com\/index.php?rest_route=\/wp\/v2\/pages"}],"about":[{"href":"https:\/\/www.pedrolopezestudio.com\/index.php?rest_route=\/wp\/v2\/types\/page"}],"author":[{"embeddable":true,"href":"https:\/\/www.pedrolopezestudio.com\/index.php?rest_route=\/wp\/v2\/users\/1"}],"replies":[{"embeddable":true,"href":"https:\/\/www.pedrolopezestudio.com\/index.php?rest_route=%2Fwp%2Fv2%2Fcomments&post=68"}],"version-history":[{"count":6,"href":"https:\/\/www.pedrolopezestudio.com\/index.php?rest_route=\/wp\/v2\/pages\/68\/revisions"}],"predecessor-version":[{"id":255,"href":"https:\/\/www.pedrolopezestudio.com\/index.php?rest_route=\/wp\/v2\/pages\/68\/revisions\/255"}],"wp:attachment":[{"href":"https:\/\/www.pedrolopezestudio.com\/index.php?rest_route=%2Fwp%2Fv2%2Fmedia&parent=68"}],"curies":[{"name":"wp","href":"https:\/\/api.w.org\/{rel}","templated":true}]}}