{"id":2,"date":"2014-10-29T09:14:59","date_gmt":"2014-10-29T09:14:59","guid":{"rendered":"http:\/\/www.pedrolopezestudio.com\/?page_id=2"},"modified":"2014-10-29T10:16:36","modified_gmt":"2014-10-29T10:16:36","slug":"pagina-ejemplo","status":"publish","type":"page","link":"https:\/\/www.pedrolopezestudio.com\/?page_id=2","title":{"rendered":"QUIEN SOY?"},"content":{"rendered":"<p>Uno de los momentos m\u00e1s importantes de mi vida fue cuando decid\u00ed ser fot\u00f3grafo, son de esas decisiones que te marcan para toda la vida porque abandonas tu profesi\u00f3n por una ilusi\u00f3n, por un sue\u00f1o. Despu\u00e9s de veinte a\u00f1os sigo reinventando el sue\u00f1o d\u00eda a d\u00eda.<\/p>\n<p>Cuando revelaba en el laboratorio, siempre me sorprend\u00eda la magia que se produc\u00eda cada vez que la imagen se formaba delante de mis ojos, \u2026 ahora me sigue sorprendiendo c\u00f3mo una c\u00e1mara, un objetivo y unos aparatos de iluminaci\u00f3n, transforman un objeto, que tengo delante de m\u00ed, en algo nuevo, diferente ,\u2026. C\u00f3mo con estos tres simples elementos soy capaz de modelar cualquier elemento, llenarlo de vida y concentrar toda esa labor de creaci\u00f3n en un instante perpetuo, inalterable: sigo so\u00f1ando.<\/p>\n<p>Pero aun as\u00ed, lo m\u00e1s gratificante de todo el proceso, es que con una mayor frecuencia, veo en el monitor del plat\u00f3, mis sue\u00f1os.<\/p>\n","protected":false},"excerpt":{"rendered":"<p>Uno de los momentos m\u00e1s importantes de mi vida fue cuando decid\u00ed ser fot\u00f3grafo, son de esas decisiones que te marcan para toda la vida porque abandonas tu profesi\u00f3n por una ilusi\u00f3n, por un sue\u00f1o. Despu\u00e9s de veinte a\u00f1os sigo reinventando el sue\u00f1o d\u00eda a d\u00eda. Cuando revelaba en el laboratorio, siempre me sorprend\u00eda la [&hellip;]<\/p>\n","protected":false},"author":1,"featured_media":0,"parent":0,"menu_order":0,"comment_status":"open","ping_status":"open","template":"","meta":{"_monsterinsights_skip_tracking":false,"_monsterinsights_sitenote_active":false,"_monsterinsights_sitenote_note":"","_monsterinsights_sitenote_category":0,"footnotes":""},"aioseo_notices":[],"_links":{"self":[{"href":"https:\/\/www.pedrolopezestudio.com\/index.php?rest_route=\/wp\/v2\/pages\/2"}],"collection":[{"href":"https:\/\/www.pedrolopezestudio.com\/index.php?rest_route=\/wp\/v2\/pages"}],"about":[{"href":"https:\/\/www.pedrolopezestudio.com\/index.php?rest_route=\/wp\/v2\/types\/page"}],"author":[{"embeddable":true,"href":"https:\/\/www.pedrolopezestudio.com\/index.php?rest_route=\/wp\/v2\/users\/1"}],"replies":[{"embeddable":true,"href":"https:\/\/www.pedrolopezestudio.com\/index.php?rest_route=%2Fwp%2Fv2%2Fcomments&post=2"}],"version-history":[{"count":4,"href":"https:\/\/www.pedrolopezestudio.com\/index.php?rest_route=\/wp\/v2\/pages\/2\/revisions"}],"predecessor-version":[{"id":27,"href":"https:\/\/www.pedrolopezestudio.com\/index.php?rest_route=\/wp\/v2\/pages\/2\/revisions\/27"}],"wp:attachment":[{"href":"https:\/\/www.pedrolopezestudio.com\/index.php?rest_route=%2Fwp%2Fv2%2Fmedia&parent=2"}],"curies":[{"name":"wp","href":"https:\/\/api.w.org\/{rel}","templated":true}]}}