{"id":148,"date":"2014-12-01T12:31:15","date_gmt":"2014-12-01T12:31:15","guid":{"rendered":"http:\/\/www.pedrolopezestudio.com\/?page_id=148"},"modified":"2016-01-27T12:41:38","modified_gmt":"2016-01-27T12:41:38","slug":"inicio","status":"publish","type":"page","link":"https:\/\/www.pedrolopezestudio.com\/?page_id=148","title":{"rendered":"HOME"},"content":{"rendered":"<p>Pedro Lopez Fotografia, es una empresa con mas de veinte a\u00f1os de experiencia en el sector fotografico, especializado fundamentalmente en:fotografia de alimentacion, fotografia publicitaria, fotografia de moda, fotografia de bodegones, en definitiva todo aquello que tenga que ver con la creacion de imagen.<br \/>\nDisponemos de un amplio plat\u00f3, en el centro de Madrid para la realizaci\u00f3n de la im\u00e1gen m\u00e1s ambiciosa, con una cocina completa, ciclorama, sala de maquillaje e incluso una pasarela a 5 metros para la toma de fotograf\u00edas cenitales.<br \/>\nTambi\u00e9n realizamos todo tipo de reportajes e im\u00e1genes en blanco y negro (fineart).<\/p>\n<p>fotografia madrid, fotografia alimentacion madrid, fotografia publicitaria madrid, fotografia moda madrid, fotografia bodegones<\/p>\n<h2>fotografia publicitaria madrid<\/h2>\n<h2>fotografia alimentacion madrid<\/h2>\n<h2>fotografia madrid<\/h2>\n<h2>fotografia moda madrid<\/h2>\n<h2>arte madrid<\/h2>\n","protected":false},"excerpt":{"rendered":"<p>Pedro Lopez Fotografia, es una empresa con mas de veinte a\u00f1os de experiencia en el sector fotografico, especializado fundamentalmente en:fotografia de alimentacion, fotografia publicitaria, fotografia de moda, fotografia de bodegones, en definitiva todo aquello que tenga que ver con la creacion de imagen. Disponemos de un amplio plat\u00f3, en el centro de Madrid para la [&hellip;]<\/p>\n","protected":false},"author":1,"featured_media":0,"parent":0,"menu_order":0,"comment_status":"open","ping_status":"open","template":"gallery_flow.php","meta":{"_monsterinsights_skip_tracking":false,"_monsterinsights_sitenote_active":false,"_monsterinsights_sitenote_note":"","_monsterinsights_sitenote_category":0,"footnotes":""},"aioseo_notices":[],"_links":{"self":[{"href":"https:\/\/www.pedrolopezestudio.com\/index.php?rest_route=\/wp\/v2\/pages\/148"}],"collection":[{"href":"https:\/\/www.pedrolopezestudio.com\/index.php?rest_route=\/wp\/v2\/pages"}],"about":[{"href":"https:\/\/www.pedrolopezestudio.com\/index.php?rest_route=\/wp\/v2\/types\/page"}],"author":[{"embeddable":true,"href":"https:\/\/www.pedrolopezestudio.com\/index.php?rest_route=\/wp\/v2\/users\/1"}],"replies":[{"embeddable":true,"href":"https:\/\/www.pedrolopezestudio.com\/index.php?rest_route=%2Fwp%2Fv2%2Fcomments&post=148"}],"version-history":[{"count":14,"href":"https:\/\/www.pedrolopezestudio.com\/index.php?rest_route=\/wp\/v2\/pages\/148\/revisions"}],"predecessor-version":[{"id":258,"href":"https:\/\/www.pedrolopezestudio.com\/index.php?rest_route=\/wp\/v2\/pages\/148\/revisions\/258"}],"wp:attachment":[{"href":"https:\/\/www.pedrolopezestudio.com\/index.php?rest_route=%2Fwp%2Fv2%2Fmedia&parent=148"}],"curies":[{"name":"wp","href":"https:\/\/api.w.org\/{rel}","templated":true}]}}